{"id":7133,"date":"2019-08-05T10:20:55","date_gmt":"2019-08-05T10:20:55","guid":{"rendered":"https:\/\/estudiotallergrafico.es\/v3\/?page_id=7133"},"modified":"2019-12-28T14:50:08","modified_gmt":"2019-12-28T14:50:08","slug":"make4band","status":"publish","type":"page","link":"https:\/\/estudiotallergrafico.es\/v3\/servicios\/make4band\/","title":{"rendered":"MAKE4BAND"},"content":{"rendered":"[vc_row type=&#8221;in_container&#8221; scene_position=&#8221;center&#8221; text_color=&#8221;dark&#8221; text_align=&#8221;left&#8221; overlay_strength=&#8221;0.3&#8243;][vc_column column_padding=&#8221;no-extra-padding&#8221; column_padding_position=&#8221;all&#8221; background_color_opacity=&#8221;1&#8243; background_hover_color_opacity=&#8221;1&#8243; width=&#8221;1\/6&#8243;][\/vc_column][vc_column column_padding=&#8221;no-extra-padding&#8221; column_padding_position=&#8221;all&#8221; background_color_opacity=&#8221;1&#8243; background_hover_color_opacity=&#8221;1&#8243; width=&#8221;2\/3&#8243;][divider line_type=&#8221;No Line&#8221; custom_height=&#8221;40&#8243;][divider line_type=&#8221;No Line&#8221; custom_height=&#8221;120&#8243;][vc_column_text]\n<div id=\"u2473-4\" class=\"effect clearfix grpelem shared_content wow fadeInUp\" data-content-guid=\"u2473-4_content\">\n<h1 style=\"text-align: center;\"><span style=\"color: #ff9900;\">\u00bfQU\u00c9 ES MAKE4BAND?<\/span><\/h1>\n<\/div>\n<div id=\"u2474-6\" class=\"effect clearfix grpelem shared_content wow fadeInUp\" data-content-guid=\"u2474-6_content\">\n<h4 id=\"u2474-2\" style=\"text-align: center;\"><span style=\"font-family: Helvetica; font-size: 18pt;\">Con MAKE4BAND te ofrecemos crear y promocionar la identidad de tu banda proponiendo un servicio completo desde la fotograf\u00eda y el v\u00eddeo, el dise\u00f1o gr\u00e1fico, tu imagen en medios, merchandising, p\u00e1gina web&#8230; hasta la promoci\u00f3n y publicaci\u00f3n en canales, redes sociales, medios convencionales, y mucho m\u00e1s!<\/span><\/h4>\n<\/div>\n[\/vc_column_text][divider line_type=&#8221;No Line&#8221; custom_height=&#8221;40&#8243;]<div class=\"sharing-default-minimal\"><div class=\"nectar-social default\" data-position=\"left\" data-color-override=\"override\"><div class=\"nectar-social-inner\"><a href=\"#\" class=\"nectar-love\" id=\"nectar-love-7133\" title=\"Love this\"> <i class=\"icon-salient-heart-2\"><\/i><span class=\"love-text\">Love<\/span><span class=\"total_loves\"><span class=\"nectar-love-count\">3<\/span><\/span><\/a><a class='facebook-share nectar-sharing' href='#' title='Share this'>  <i class='fa fa-facebook'><\/i> <span class='social-text'>Share<\/span> <\/a><a class='twitter-share nectar-sharing' href='#' title='Tweet this'> <i class='fa fa-twitter'><\/i> <span class='social-text'>Tweet<\/span> <\/a><\/div><\/div><\/div>[divider line_type=&#8221;No Line&#8221; custom_height=&#8221;120&#8243;][\/vc_column][vc_column column_padding=&#8221;no-extra-padding&#8221; column_padding_position=&#8221;all&#8221; background_color_opacity=&#8221;1&#8243; background_hover_color_opacity=&#8221;1&#8243; width=&#8221;1\/6&#8243;][\/vc_column][\/vc_row][vc_row type=&#8221;full_width_content&#8221; scene_position=&#8221;center&#8221; text_color=&#8221;dark&#8221; text_align=&#8221;left&#8221; overlay_strength=&#8221;0.3&#8243;][vc_column column_padding=&#8221;no-extra-padding&#8221; column_padding_position=&#8221;all&#8221; background_color_opacity=&#8221;1&#8243; background_hover_color_opacity=&#8221;1&#8243; width=&#8221;1\/1&#8243;][vc_gallery type=&#8221;flexslider_style&#8221; images=&#8221;7249,7251,7255,7253,7252,7256,7254,7257,7250&#8243; onclick=&#8221;link_no&#8221; img_size=&#8221;2000&#215;992&#8243;][\/vc_column][\/vc_row][vc_row type=&#8221;full_width_background&#8221; bg_image=&#8221;7147&#8243; bg_position=&#8221;center top&#8221; bg_repeat=&#8221;no-repeat&#8221; bg_color=&#8221;#0a0a0a&#8221; scene_position=&#8221;center&#8221; text_color=&#8221;dark&#8221; text_align=&#8221;left&#8221; overlay_strength=&#8221;0.3&#8243;][vc_column column_padding=&#8221;no-extra-padding&#8221; column_padding_position=&#8221;all&#8221; background_color_opacity=&#8221;1&#8243; background_hover_color_opacity=&#8221;1&#8243; width=&#8221;1\/4&#8243;][\/vc_column][vc_column column_padding=&#8221;no-extra-padding&#8221; column_padding_position=&#8221;all&#8221; background_color_opacity=&#8221;1&#8243; background_hover_color_opacity=&#8221;1&#8243; width=&#8221;1\/2&#8243;][divider line_type=&#8221;No Line&#8221; custom_height=&#8221;60&#8243;][image_with_animation image_url=&#8221;7175&#8243; alignment=&#8221;center&#8221; animation=&#8221;Fade In&#8221;][divider line_type=&#8221;No Line&#8221; custom_height=&#8221;40&#8243;][vc_column_text]\n<div id=\"u31860\" class=\"clearfix colelem shared_content\" data-content-guid=\"u31860_content\">\n<div id=\"u15481-6\" class=\"effect clearfix grpelem wow fadeInUp\">\n<h4 style=\"text-align: center;\"><span style=\"color: #ebebeb; font-family: Arial, Helvetica, sans-serif; font-size: 18pt;\">Esto son algunos de los servicios que podemos ofrecerte<\/span><\/h4>\n<\/div>\n<\/div>\n<div id=\"pu28532-36\" class=\"clearfix colelem\" style=\"text-align: center;\">\n<div id=\"u28532-36\" class=\"clearfix grpelem shared_content\" data-content-guid=\"u28532-36_content\">\n<h4 id=\"u28532-2\" style=\"text-align: center;\"><span style=\"color: #ff9900; font-family: Arial, Helvetica, sans-serif; font-size: 18pt;\"><strong>FOTOGRAF\u00cdA &amp; V\u00cdDEO<\/strong><\/span><\/h4>\n<h4 id=\"u28532-4\" style=\"text-align: center;\"><span style=\"color: #ebebeb; font-family: Arial, Helvetica, sans-serif; font-size: 14pt;\">\u2022 Fotograf\u00eda: exterior, interior, estudio, directos, ensayos&#8230;<\/span><\/h4>\n<h4 id=\"u28532-6\" style=\"text-align: center;\"><span style=\"color: #ebebeb; font-family: Arial, Helvetica, sans-serif; font-size: 14pt;\">\u2022 V\u00eddeoclip: de estudio, eventos, conciertos.<\/span><\/h4>\n<h4 id=\"u28532-8\" style=\"text-align: center;\"><span style=\"color: #ebebeb; font-family: Arial, Helvetica, sans-serif; font-size: 14pt;\">\u2022 Promocionales. Edici\u00f3n de v\u00eddeo.<\/span><\/h4>\n<h4 id=\"u28532-11\" style=\"text-align: center;\"><span style=\"color: #ff9900; font-family: Arial, Helvetica, sans-serif; font-size: 18pt;\"><strong>DISE\u00d1O GR\u00c1FICO &amp; MERCHANDISING<\/strong><\/span><\/h4>\n<h4 id=\"u28532-13\" style=\"text-align: center;\"><span style=\"color: #ebebeb; font-family: Arial, Helvetica, sans-serif; font-size: 14pt;\">\u2022 Folletos, car\u00e1tulas y libretos CD<\/span><\/h4>\n<h4 id=\"u28532-15\" style=\"text-align: center;\"><span style=\"color: #ebebeb; font-family: Arial, Helvetica, sans-serif; font-size: 14pt;\">\u2022 Carteles e invitaciones<\/span><\/h4>\n<h4 id=\"u28532-17\" style=\"text-align: center;\"><span style=\"color: #ebebeb; font-family: Arial, Helvetica, sans-serif; font-size: 14pt;\">\u2022 P\u00e1gina web\u00a0 \/ blog<\/span><\/h4>\n<h4 id=\"u28532-19\" style=\"text-align: center;\"><span style=\"color: #ebebeb; font-family: Arial, Helvetica, sans-serif; font-size: 14pt;\">\u2022 Camisetas y merchandising<\/span><\/h4>\n<h4 id=\"u28532-21\" style=\"text-align: center;\"><span style=\"color: #ebebeb; font-family: Arial, Helvetica, sans-serif; font-size: 14pt;\">\u2022 Ilustraci\u00f3n \/ composici\u00f3n \/ retoque<\/span><\/h4>\n<h4 id=\"u28532-24\" style=\"text-align: center;\"><span style=\"color: #ff9900; font-family: Arial, Helvetica, sans-serif; font-size: 18pt;\"><strong>MARKETING &amp; RRSS<\/strong><\/span><\/h4>\n<h4 id=\"u28532-26\" style=\"text-align: center;\"><span style=\"color: #ebebeb; font-family: Arial, Helvetica, sans-serif; font-size: 14pt;\">\u2022 Material Promocional \/ Nota de Prensa \/ Biograf\u00eda<\/span><\/h4>\n<h4 id=\"u28532-28\" style=\"text-align: center;\"><span style=\"color: #ebebeb; font-family: Arial, Helvetica, sans-serif; font-size: 14pt;\">\u2022 Publicaci\u00f3n en medios digitales; Spotify, iTunes&#8230;<\/span><\/h4>\n<h4 id=\"u28532-30\" style=\"text-align: center;\"><span style=\"color: #ebebeb; font-family: Arial, Helvetica, sans-serif; font-size: 14pt;\">\u2022 Conciertos y Eventos<\/span><\/h4>\n<h4 id=\"u28532-32\" style=\"text-align: center;\"><span style=\"color: #ebebeb; font-family: Arial, Helvetica, sans-serif; font-size: 14pt;\">\u2022 Mailing, Newsletter<\/span><\/h4>\n<h4 id=\"u28532-34\" style=\"text-align: center;\"><span style=\"color: #ebebeb; font-family: Arial, Helvetica, sans-serif; font-size: 14pt;\">\u2022 Dise\u00f1o \/ Contenidos \/ Gesti\u00f3n de Redes Sociales<\/span><\/h4>\n<\/div>\n<\/div>\n[\/vc_column_text][image_with_animation image_url=&#8221;7150&#8243; alignment=&#8221;center&#8221; animation=&#8221;Fade In&#8221;][divider line_type=&#8221;No Line&#8221; custom_height=&#8221;60&#8243;][\/vc_column][vc_column column_padding=&#8221;no-extra-padding&#8221; column_padding_position=&#8221;all&#8221; background_color_opacity=&#8221;1&#8243; background_hover_color_opacity=&#8221;1&#8243; width=&#8221;1\/4&#8243;][\/vc_column][\/vc_row][vc_row type=&#8221;in_container&#8221; scene_position=&#8221;center&#8221; text_color=&#8221;dark&#8221; text_align=&#8221;left&#8221; overlay_strength=&#8221;0.3&#8243;][vc_column column_padding=&#8221;no-extra-padding&#8221; column_padding_position=&#8221;all&#8221; background_color_opacity=&#8221;1&#8243; background_hover_color_opacity=&#8221;1&#8243; width=&#8221;1\/4&#8243;][\/vc_column][vc_column column_padding=&#8221;no-extra-padding&#8221; column_padding_position=&#8221;all&#8221; background_color_opacity=&#8221;1&#8243; background_hover_color_opacity=&#8221;1&#8243; width=&#8221;1\/2&#8243;][divider line_type=&#8221;No Line&#8221; custom_height=&#8221;80&#8243;][vc_column_text]\n<h2>Contacta si quieres recibir m\u00e1s informaci\u00f3n!<\/h2>\n[\/vc_column_text][divider line_type=&#8221;No Line&#8221; custom_height=&#8221;40&#8243;]<div role=\"form\" class=\"wpcf7\" id=\"wpcf7-f6050-o1\" lang=\"es-ES\" dir=\"ltr\">\n<div class=\"screen-reader-response\"><p role=\"status\" aria-live=\"polite\" aria-atomic=\"true\"><\/p> <ul><\/ul><\/div>\n<form action=\"\/v3\/wp-json\/wp\/v2\/pages\/7133#wpcf7-f6050-o1\" method=\"post\" class=\"wpcf7-form init\" novalidate=\"novalidate\" data-status=\"init\">\n<div style=\"display: none;\">\n<input type=\"hidden\" name=\"_wpcf7\" value=\"6050\" \/>\n<input type=\"hidden\" name=\"_wpcf7_version\" value=\"5.3\" \/>\n<input type=\"hidden\" name=\"_wpcf7_locale\" value=\"es_ES\" \/>\n<input type=\"hidden\" name=\"_wpcf7_unit_tag\" value=\"wpcf7-f6050-o1\" \/>\n<input type=\"hidden\" name=\"_wpcf7_container_post\" value=\"0\" \/>\n<input type=\"hidden\" name=\"_wpcf7_posted_data_hash\" value=\"\" \/>\n<input type=\"hidden\" name=\"_wpcf7_recaptcha_response\" value=\"\" \/>\n<\/div>\n<p><label> Tu nombre o el de la empresa (*)<br \/>\n    <span class=\"wpcf7-form-control-wrap your-name\"><input type=\"text\" name=\"your-name\" value=\"\" size=\"40\" class=\"wpcf7-form-control wpcf7-text wpcf7-validates-as-required\" aria-required=\"true\" aria-invalid=\"false\" \/><\/span> <\/label><\/p>\n<p><label> Correo electr\u00f3nico de contacto (*)<br \/>\n    <span class=\"wpcf7-form-control-wrap your-email\"><input type=\"email\" name=\"your-email\" value=\"\" size=\"40\" class=\"wpcf7-form-control wpcf7-text wpcf7-email wpcf7-validates-as-required wpcf7-validates-as-email\" aria-required=\"true\" aria-invalid=\"false\" \/><\/span> <\/label><\/p>\n<p><label> Tel\u00e9fono (opcional, s\u00f3lo si quieres que te llamemos nosotros)<br \/>\n    <span class=\"wpcf7-form-control-wrap tel-645\"><input type=\"tel\" name=\"tel-645\" value=\"\" size=\"40\" class=\"wpcf7-form-control wpcf7-text wpcf7-tel wpcf7-validates-as-tel\" aria-invalid=\"false\" \/><\/span> <\/label><\/p>\n<p><label> Asunto<br \/>\n    <span class=\"wpcf7-form-control-wrap your-subject\"><input type=\"text\" name=\"your-subject\" value=\"\" size=\"40\" class=\"wpcf7-form-control wpcf7-text\" aria-invalid=\"false\" \/><\/span> <\/label><\/p>\n<p><label> Mensaje:<br \/>\n    <span class=\"wpcf7-form-control-wrap your-message\"><textarea name=\"your-message\" cols=\"40\" rows=\"10\" class=\"wpcf7-form-control wpcf7-textarea\" aria-invalid=\"false\"><\/textarea><\/span> <\/label><\/p>\n<h6>\n<span class=\"wpcf7-form-control-wrap acceptance-49\"><span class=\"wpcf7-form-control wpcf7-acceptance\"><span class=\"wpcf7-list-item\"><label><input type=\"checkbox\" name=\"acceptance-49\" value=\"1\" aria-invalid=\"false\" \/><span class=\"wpcf7-list-item-label\">Acepto la <a href=\"https:\/\/estudiotallergrafico.es\/v3\/legal\/privacidad\/\">pol\u00edtica de privacidad (*)<\/a><\/span><\/label><\/span><\/span><\/span><br \/>\n<\/h6>\n<div class=\"wpcf7-form-control-wrap\"><div data-sitekey=\"6LdoL5MUAAAAAIrxLjLrMlDhpOnKq-JSBFOrwMVa\" class=\"wpcf7-form-control g-recaptcha wpcf7-recaptcha\"><\/div>\r\n<noscript>\r\n\t<div class=\"grecaptcha-noscript\">\r\n\t\t<iframe src=\"https:\/\/www.google.com\/recaptcha\/api\/fallback?k=6LdoL5MUAAAAAIrxLjLrMlDhpOnKq-JSBFOrwMVa\" frameborder=\"0\" scrolling=\"no\" width=\"310\" height=\"430\">\r\n\t\t<\/iframe>\r\n\t\t<textarea name=\"g-recaptcha-response\" rows=\"3\" cols=\"40\" placeholder=\"Aqu\u00ed la respuesta de reCAPTCHA\">\r\n\t\t<\/textarea>\r\n\t<\/div>\r\n<\/noscript>\r\n<\/div>\n<p><input type=\"submit\" value=\"Enviar\" class=\"wpcf7-form-control wpcf7-submit\" \/><\/p>\n<div class=\"wpcf7-response-output\" aria-hidden=\"true\"><\/div><\/form><\/div>[\/vc_column][vc_column column_padding=&#8221;no-extra-padding&#8221; column_padding_position=&#8221;all&#8221; background_color_opacity=&#8221;1&#8243; background_hover_color_opacity=&#8221;1&#8243; width=&#8221;1\/4&#8243;][\/vc_column][\/vc_row]\n","protected":false},"excerpt":{"rendered":"<p>[vc_row type=&#8221;in_container&#8221; scene_position=&#8221;center&#8221; text_color=&#8221;dark&#8221; text_align=&#8221;left&#8221; overlay_strength=&#8221;0.3&#8243;][vc_column column_padding=&#8221;no-extra-padding&#8221; column_padding_position=&#8221;all&#8221; background_color_opacity=&#8221;1&#8243; background_hover_color_opacity=&#8221;1&#8243; width=&#8221;1\/6&#8243;][\/vc_column][vc_column column_padding=&#8221;no-extra-padding&#8221; column_padding_position=&#8221;all&#8221; background_color_opacity=&#8221;1&#8243; background_hover_color_opacity=&#8221;1&#8243; width=&#8221;2\/3&#8243;][divider line_type=&#8221;No Line&#8221; custom_height=&#8221;40&#8243;][divider line_type=&#8221;No Line&#8221; custom_height=&#8221;120&#8243;][vc_column_text] \u00bfQU\u00c9 ES MAKE4BAND? Con MAKE4BAND te ofrecemos crear&#8230;<\/p>\n","protected":false},"author":1,"featured_media":0,"parent":7722,"menu_order":0,"comment_status":"closed","ping_status":"closed","template":"","meta":[],"yoast_head":"<!-- This site is optimized with the Yoast SEO plugin v15.3 - https:\/\/yoast.com\/wordpress\/plugins\/seo\/ -->\n<title>MAKE4BAND - Estudio Taller Gr\u00e1fico<\/title>\n<meta name=\"robots\" content=\"index, follow, max-snippet:-1, max-image-preview:large, max-video-preview:-1\" \/>\n<link rel=\"canonical\" href=\"https:\/\/estudiotallergrafico.es\/v3\/servicios\/make4band\/\" \/>\n<meta property=\"og:locale\" content=\"es_ES\" \/>\n<meta property=\"og:type\" content=\"article\" \/>\n<meta property=\"og:title\" content=\"MAKE4BAND - Estudio Taller Gr\u00e1fico\" \/>\n<meta property=\"og:description\" content=\"[vc_row type=&#8221;in_container&#8221; scene_position=&#8221;center&#8221; text_color=&#8221;dark&#8221; text_align=&#8221;left&#8221; overlay_strength=&#8221;0.3&#8243;][vc_column column_padding=&#8221;no-extra-padding&#8221; column_padding_position=&#8221;all&#8221; background_color_opacity=&#8221;1&#8243; background_hover_color_opacity=&#8221;1&#8243; width=&#8221;1\/6&#8243;][\/vc_column][vc_column column_padding=&#8221;no-extra-padding&#8221; column_padding_position=&#8221;all&#8221; background_color_opacity=&#8221;1&#8243; background_hover_color_opacity=&#8221;1&#8243; width=&#8221;2\/3&#8243;][divider line_type=&#8221;No Line&#8221; custom_height=&#8221;40&#8243;][divider line_type=&#8221;No Line&#8221; custom_height=&#8221;120&#8243;][vc_column_text] \u00bfQU\u00c9 ES MAKE4BAND? Con MAKE4BAND te ofrecemos crear...\" \/>\n<meta property=\"og:url\" content=\"https:\/\/estudiotallergrafico.es\/v3\/servicios\/make4band\/\" \/>\n<meta property=\"og:site_name\" content=\"Estudio Taller Gr\u00e1fico\" \/>\n<meta property=\"article:modified_time\" content=\"2019-12-28T14:50:08+00:00\" \/>\n<meta name=\"twitter:card\" content=\"summary_large_image\" \/>\n<meta name=\"twitter:label1\" content=\"Escrito por\">\n\t<meta name=\"twitter:data1\" content=\"ETG\">\n\t<meta name=\"twitter:label2\" content=\"Tiempo de lectura\">\n\t<meta name=\"twitter:data2\" content=\"2 minutos\">\n<script type=\"application\/ld+json\" class=\"yoast-schema-graph\">{\"@context\":\"https:\/\/schema.org\",\"@graph\":[{\"@type\":\"Organization\",\"@id\":\"https:\/\/estudiotallergrafico.es\/v3\/#organization\",\"name\":\"Estudio Taller Gr\\u00e1fico\",\"url\":\"https:\/\/estudiotallergrafico.es\/v3\/\",\"sameAs\":[],\"logo\":{\"@type\":\"ImageObject\",\"@id\":\"https:\/\/estudiotallergrafico.es\/v3\/#logo\",\"inLanguage\":\"es\",\"url\":\"https:\/\/estudiotallergrafico.es\/v3\/wp-content\/uploads\/2019\/09\/etg.png\",\"width\":100,\"height\":100,\"caption\":\"Estudio Taller Gr\\u00e1fico\"},\"image\":{\"@id\":\"https:\/\/estudiotallergrafico.es\/v3\/#logo\"}},{\"@type\":\"WebSite\",\"@id\":\"https:\/\/estudiotallergrafico.es\/v3\/#website\",\"url\":\"https:\/\/estudiotallergrafico.es\/v3\/\",\"name\":\"Estudio Taller Gr\\u00e1fico\",\"description\":\"Equipo Creativo de dise\\u00f1o gr\\u00e1fico\",\"publisher\":{\"@id\":\"https:\/\/estudiotallergrafico.es\/v3\/#organization\"},\"potentialAction\":[{\"@type\":\"SearchAction\",\"target\":\"https:\/\/estudiotallergrafico.es\/v3\/?s={search_term_string}\",\"query-input\":\"required name=search_term_string\"}],\"inLanguage\":\"es\"},{\"@type\":\"WebPage\",\"@id\":\"https:\/\/estudiotallergrafico.es\/v3\/servicios\/make4band\/#webpage\",\"url\":\"https:\/\/estudiotallergrafico.es\/v3\/servicios\/make4band\/\",\"name\":\"MAKE4BAND - Estudio Taller Gr\\u00e1fico\",\"isPartOf\":{\"@id\":\"https:\/\/estudiotallergrafico.es\/v3\/#website\"},\"datePublished\":\"2019-08-05T10:20:55+00:00\",\"dateModified\":\"2019-12-28T14:50:08+00:00\",\"inLanguage\":\"es\",\"potentialAction\":[{\"@type\":\"ReadAction\",\"target\":[\"https:\/\/estudiotallergrafico.es\/v3\/servicios\/make4band\/\"]}]}]}<\/script>\n<!-- \/ Yoast SEO plugin. -->","_links":{"self":[{"href":"https:\/\/estudiotallergrafico.es\/v3\/wp-json\/wp\/v2\/pages\/7133"}],"collection":[{"href":"https:\/\/estudiotallergrafico.es\/v3\/wp-json\/wp\/v2\/pages"}],"about":[{"href":"https:\/\/estudiotallergrafico.es\/v3\/wp-json\/wp\/v2\/types\/page"}],"author":[{"embeddable":true,"href":"https:\/\/estudiotallergrafico.es\/v3\/wp-json\/wp\/v2\/users\/1"}],"replies":[{"embeddable":true,"href":"https:\/\/estudiotallergrafico.es\/v3\/wp-json\/wp\/v2\/comments?post=7133"}],"version-history":[{"count":44,"href":"https:\/\/estudiotallergrafico.es\/v3\/wp-json\/wp\/v2\/pages\/7133\/revisions"}],"predecessor-version":[{"id":7261,"href":"https:\/\/estudiotallergrafico.es\/v3\/wp-json\/wp\/v2\/pages\/7133\/revisions\/7261"}],"up":[{"embeddable":true,"href":"https:\/\/estudiotallergrafico.es\/v3\/wp-json\/wp\/v2\/pages\/7722"}],"wp:attachment":[{"href":"https:\/\/estudiotallergrafico.es\/v3\/wp-json\/wp\/v2\/media?parent=7133"}],"curies":[{"name":"wp","href":"https:\/\/api.w.org\/{rel}","templated":true}]}}